l - 108 = 0. What are the prime factors of ((-547)/(-3))/(l*(-7)/(-378))?
3, 547
Let g = -73 + 79. Suppose 18 = 4*f + g. Suppose 0 = -f*t - t + 344. List the prime factors of t.
2, 43
Suppose -4*q + 2*p + 1240 = 0, -43 - 272 = -q + 3*p. Let s = q + -50. Suppose s - 9 = 5*w. List the prime factors of w.
2, 5
Let p = 3 - 0. Suppose a = -3*n - p, 5*n + 2 - 11 = 3*a. Suppose 0 = -g + 2*l + 77, 0 = -l + 1 - n. What are the prime factors of g?
79
Suppose 166344 = 27*l - 3*l. Suppose 2273 = 12*o - l. What are the prime factors of o?
13, 59
Suppose k - 1 = 0, 1202*k = q + 1201*k - 10584. What are the prime factors of q?
5, 29, 73
Let c(o) = -49*o + 31. Let r be c(-6). Suppose 0*y + 5*y = r. Suppose -4*w + 95 = 3*f, 5*f - 108 = -3*w + y. List the prime factors of f.
37
Let r(u) = 260*u**2 + 23*u + 407. List the prime factors of r(-7).
2, 43, 151
Let h(u) be the second derivative of -29/6*u**3 + 0 + 39*u + 25/2*u**2. List the prime factors of h(-4).
3, 47
Let a(d) = 39*d + 12. Suppose 221 = 12*u + 5*u. List the prime factors of a(u).
3, 173
Let j(q) = q**3 + 5*q**2 - 4*q - 18. Let a be j(-5). Suppose 2*n + a*n = 60. What are the prime factors of 4 - 1 - (-1500)/n?
103
Let j = -112 - -119. Suppose -12*w + j*w - 5*f + 3990 = 0, 3*w = 5*f + 2370. List the prime factors of w.
3, 5, 53
Suppose 0 = -2*z + 18 - 16. Let o(f) = 996*f + 6. List the prime factors of o(z).
2, 3, 167
Suppose 0*t + t + 2*g - 37955 = 0, -5*t - 3*g = -189761. Suppose -16*r - 9615 = -t. What are the prime factors of r?
7, 11, 23
Suppose 3*p = u - 16402, -42*p + 131316 = 8*u - 41*p. What are the prime factors of u?
2, 29, 283
Let y(a) = 647*a**2 - 4*a + 35. List the prime factors of y(-5).
2, 3, 5, 541
Let a = 7 - 5. Suppose a*l - 452 = -4*o, 11*l - 6*l - 458 = -4*o. Let r = 274 - o. List the prime factors of r.
2, 3
Let g be -5*(4/(-14) - (-63)/49). Let q be (g/2)/(0 - 1/76). Suppose -q = -p - 4*p. List the prime factors of p.
2, 19
Suppose -d + 9499 = 13*o - 9*o, 0 = 5*d - 3*o - 47403. List the prime factors of d.
3, 29, 109
Let l(j) = 263*j**2 + 9*j - 57. List the prime factors of l(5).
6563
Let j = -342 + 866. Let p = j - 454. List the prime factors of p.
2, 5, 7
Suppose 0 = -68*t + 77*t + 27. Let u(a) = 4*a**3 + 2*a**2 - 1. Let d be u(-1). What are the prime factors of d + (2 - -128 - (t - 0))?
2, 5, 13
Let x be (-6 - (-170 + 1))*(1 + 6). Suppose 0 = -3*p - 4*j + 659, 0 = -2*p + 7*p - 4*j - x. List the prime factors of p.
3, 5
Let k(m) = 6*m - 79. Let c be (-5 + -2 + -3)*-2. Let l be k(c). Let d = l - -182. What are the prime factors of d?
223
Let u(h) = -2 + 27*h - h**3 - 53*h - h**2 + 0*h**3. List the prime factors of u(-3).
2, 47
Let j = 16816 - 3676. List the prime factors of j.
2, 3, 5, 73
Let m(k) be the third derivative of -k**7/1008 - k**6/80 + 2*k**5/5 + 2*k**2. Let a(l) be the third derivative of m(l). What are the prime factors of a(-6)?
3, 7
Let i = -8417 + 13690. List the prime factors of i.
5273
Let n(t) = -64*t**3 - 2*t**2 + 34*t + 143. List the prime factors of n(-6).
13691
Let p(s) be the third derivative of -s**5/30 + s**4/24 + s**3/3 + 17*s**2. Let q be p(0). What are the prime factors of q/(-6) + (0 - 334/(-3))?
3, 37
Suppose -30303 = -2*d - k, 2*d - 5*k = 51031 - 20686. List the prime factors of d.
5, 7, 433
Let b(v) = -v**3 + 8*v**2 - v + 11. Let h be b(8). Let y be (-104)/(-40) + 4/10 + h. List the prime factors of (y/4)/((54/8)/9).
2
Let d(b) = -6*b**2 - 12*b + 47. Let h(g) = g**2 + g. Let s(r) = -d(r) - 4*h(r). List the prime factors of s(9).
11, 17
Suppose -5*q = -3*x - 5 + 26, 2*x - 13 = 3*q. Suppose -x*r = -1077 - 749. List the prime factors of r.
11, 83
Let l be ((-16128)/280)/((-3)/10). List the prime factors of (-39)/(-3)*l/8.
2, 3, 13
Let g(k) = -84*k + 24. Let j be g(-22). Suppose -11*y = 2*y - j. What are the prime factors of y?
2, 3
Let y be -2 + 2/1 - (2578 + -32). Let p = y - -3586. List the prime factors of p.
2, 5, 13
Suppose -340 = -2*x + 6*x - 4*r, 5*r = 0. Let p be -1 + x/(-5) + -3. Let c(g) = -g**3 + 12*g**2 + 20*g - 26. What are the prime factors of c(p)?
5, 13
Let i = 100191 - 70650. What are the prime factors of i?
3, 43, 229
Suppose 17*l - 269544 = -14*l - 2*l. What are the prime factors of l?
2, 1021
Let p be 2/4*(-5 - (-126)/(-6)). Let l(r) = -12*r - 54. List the prime factors of l(p).
2, 3, 17
Let n(j) = -26*j - 17. Let o be n(16). Let r = o + 1177. List the prime factors of r.
2, 3, 31
What are the prime factors of 2/22 + (-781104)/(-66) + -20?
5, 17, 139
Suppose -3*b = 2*v - 7115, 12*v - 4*b = 7*v + 17730. What are the prime factors of v?
2, 5, 71
Suppose -3*w + 8*y = 3*y - 7672, -7670 = -3*w + 4*y. Suppose 11*j + 761 - w = 0. Let a = j + -97. List the prime factors of a.
2, 3, 11
Let n(u) = 88*u + 743. What are the prime factors of n(36)?
3911
Suppose -6*s - 2*s - 1237288 = -112*s. List the prime factors of s.
11897
Let p(q) = q**2 - 16. Let g be p(5). Suppose 11820 = g*t + 3*t. List the prime factors of t.
5, 197
Let q be -78*(-1 - -1 - 19). Let k(x) = 256*x - 1215. Let u be k(5). Suppose -u*v + 59*v = -q. List the prime factors of v.
13, 19
Suppose -3392 = -4*b - 4*u, 728 + 122 = b - u. Let i = 1190 - b. What are the prime factors of i?
11, 31
Let m(i) = -110*i + 2 - 92 + 11 + 23*i - 95. What are the prime factors of m(-10)?
2, 3, 29
Let n(g) = g**2 - 9*g + 20. Let z be n(4). Suppose 5*p - 504 = -7*d + 4*d, 5*d - 4*p - 803 = z. List the prime factors of d.
163
Let z(f) = 464*f**2 - 13*f - 66. Let p be z(-4). Suppose -13*y + 7410 = -p. What are the prime factors of y?
2, 3, 5, 19
Suppose 3252 = 3*i + i + 2*q, 4*q = 8. Let o = -481 + i. List the prime factors of o.
331
Let a(y) = 16*y**3 - 130*y**2 - 37*y + 199. List the prime factors of a(12).
19, 457
Suppose 2*z = -5*q + 20, -z + 13 = -q + 5*q. Suppose -2*w - 926 = -q*s + 2*w, -5*w + 498 = s. List the prime factors of s.
11, 43
Let x be 4/(24/714) + -5*1. Let g = 275 + x. What are the prime factors of g?
389
Let s(y) = -2225*y**2 + 5*y - 6. Let k be s(1). List the prime factors of ((-1)/(9/k))/((-46)/(-69)).
7, 53
Suppose 2*v + 25 = 25. Let b = v + 5. Suppose 5*g = 2*j - 52, 4*g - 31 = -b*j + 66. What are the prime factors of j?
3, 7
Let x(b) = -b**3 - b**2 + 4*b + 6. Let r be x(-2). Let y(c) = c + 2. Let z be y(r). What are the prime factors of (340/6)/(z/6)?
5, 17
Let a = 355 - 355. Suppose a = -7*h + 1515 + 2811. What are the prime factors of h?
2, 3, 103
Let x be 8/12 - (-200)/(-3). What are the prime factors of ((-1164)/10)/(x/220)?
2, 97
List the prime factors of ((-5)/30)/(1/(-112818)).
18803
Let w(m) = 7*m + 25. Let d be w(-3). What are the prime factors of 18/(-24) - (-443)/d - -1?
3, 37
Let v(b) = -33*b + 11. Let i(l) = 30*l - 11. Let s(n) = 4*i(n) + 5*v(n). What are the prime factors of s(-21)?
2, 239
Let k = 5554 + -4727. What are the prime factors of k?
827
List the prime factors of ((-24)/4)/(51/(-53176)).
2, 17, 23
Suppose 0*u + 4*t + 3 = u, 3*u - 2*t + 11 = 0. Let c be 3 + u/(-25)*0. Suppose 0 = -5*y - 2*z - z + 67, c*z + 3 = 0. List the prime factors of y.
2, 7
List the prime factors of -11 - (-2 + 77500/(-10)).
7741
Let q(w) = -20*w**3 - 2*w**2 - 4*w + 5. Let o be q(1). Let k = 27 + o. Suppose k*f + 220 = 7*f. List the prime factors of f.
2, 5, 11
Let c = 203253 - 134741. What are the prime factors of c?
2, 2141
Let i = 141 - -437. Suppose o + 2*f = -3*f + 578, -f = -o + i. What are the prime factors of o?
2, 17
Suppose 7*f - 326 - 21164 = 0. List the prime factors of f.
2, 5, 307
Suppose -3*r + 280553 = 5*z, 0 = -10*r + 15*r + 6*z - 467586. List the prime factors of r.
2, 3, 7793
Let t(w) = -2161*w + 514. What are the prime factors of t(-10)?
2, 5531
Suppose -159 = 7*m - 194. Suppose m*j - 2889 = 376. List the prime factors of j.
653
Let g(h) = 3*h**3 - 6*h**2 + 2*h + 14. List the prime factors of g(16).
2, 5399
Let q(o) = o**3 - 2*o**2 + 2*o - 3. Let b be q(3). Let s(u) = 3*u**2 - 21*u - 26. List the prime factors of s(b).
2, 7, 11
Let s(m) = -69*m + 1. Let t(f) = -17*f. Let u(b) = -2*s(b) + 9*t(b). Let g be u(-6). Suppose -5*v = -3*v - g. List the prime factors of v.
2, 11
Let i = 9377 - 3202. Suppose 13*d = -6*d + i. List the prime factors of d.
5, 13
Let c be (0 - 1)*-1*(-2 - -4). Suppose 0 + 2 = -2*n - 4*z, 0 = -c*z - 6. Suppose -r = -14 + n. List th